2 - 5*z - 6. Calculate x(-4).
-34
Let a(m) = -11*m + 47. Determine a(6).
-19
Let c(p) = p**3 + 8*p**2 - 10*p - 9. What is c(-9)?
0
Let b(m) = -m**3 - 15*m**2 + m + 7. Calculate b(-15).
-8
Let y(t) = t**3 + 13*t**2 - 20*t - 85. Give y(-14).
-1
Let i(q) = 14*q**3 + 2*q**2 + 3*q + 3. Calculate i(-1).
-12
Let y(v) = 3*v + 29. Determine y(-7).
8
Let a(r) = -r**3 - 10*r**2 - 11*r - 22. What is a(-9)?
-4
Let c(a) = a**3 - 6*a**2 + 9*a - 11. Calculate c(5).
9
Let w(k) = k - 20. Give w(20).
0
Let w(g) = -10*g**2 + g + 1. Give w(-1).
-10
Let m(k) = k**3 - 12*k**2 - 13*k - 5. Calculate m(13).
-5
Let o(g) = g**3 - 5*g**2 + 5*g - 10. Give o(4).
-6
Let v(o) = o**2 + 2*o - 10. Give v(-4).
-2
Let w(g) = -g**3 - 8*g**2 + g. What is w(-8)?
-8
Let w(n) = n**3 - 4*n**2 + 2*n - 5. Determine w(4).
3
Let p(x) = x**2 - 9*x + 2. Calculate p(6).
-16
Let s(q) = -q**3 - 18*q**2 - 43*q + 24. What is s(-15)?
-6
Let t(c) = -5*c + 5. Determine t(3).
-10
Let h(f) = -f**3 - 7*f**2 - 6*f - 14. Calculate h(-6).
-14
Let n(j) = -j**3 + 7*j**2 + 27*j - 90. Determine n(9).
-9
Let m(c) = -c**3 + 9*c**2 - 9*c - 15. What is m(7)?
20
Let f(c) = -c**3 + 11*c**2 - 4*c + 38. Determine f(11).
-6
Let z(n) = -n**2 + 8*n - 4. Calculate z(7).
3
Let b(p) = 7*p + 3. Give b(-4).
-25
Let p(w) = -8*w + 1. Calculate p(3).
-23
Let p(t) = t**3 - 6*t**2 - 3*t + 8. Determine p(6).
-10
Let x(y) = -10*y**2 - 71*y + 14. What is x(-8)?
-58
Let y(o) = -2*o**2 - 1. Determine y(-7).
-99
Let i(p) = p**3 - 46*p**2 + 89*p - 46. Give i(44).
-2
Let w(f) = f + 21. Give w(-9).
12
Let v(f) = f**3 - 6*f**2 + 15*f - 49. What is v(5)?
1
Let w(q) = -q**3 + 16*q**2 - 11*q - 53. What is w(15)?
7
Let b(y) = y**2 - 5*y - 16. Calculate b(7).
-2
Let x(m) = -m**2 + 27*m - 92. Calculate x(15).
88
Let b(l) = 3*l**2 - 2*l - 1. Give b(3).
20
Let u(x) = -4*x - 12. What is u(-8)?
20
Let l(z) = z**3 - 8*z**2 + 17*z - 9. Give l(7).
61
Let w(z) = 9*z + 30. Determine w(12).
138
Let l(b) = -12*b**2 - 3*b. Determine l(-2).
-42
Let f(p) = 2*p. Calculate f(10).
20
Let z(q) = -q - 19. Give z(-6).
-13
Let h(s) = -s + 4. Give h(4).
0
Let q(u) = -u**2 + 2. Give q(-4).
-14
Let m(d) = -d**2 - 21*d - 36. Calculate m(-21).
-36
Let x(q) = -3*q - 20. Give x(-6).
-2
Let g(k) = -12*k - 151. Determine g(-11).
-19
Let k(x) = x**3 + 9*x**2 + 11*x + 16. What is k(-7)?
37
Let u(t) = 2*t + 16. Give u(-3).
10
Let v(p) = -p**3 + p**2 - 2*p + 1. Give v(1).
-1
Let q(j) = j**3 - 16*j**2 + 15*j - 18. What is q(15)?
-18
Let l(z) = -18*z + 3. Give l(-1).
21
Let v(z) = -z**2 - 10*z + 8. Determine v(-10).
8
Let m(o) = o**3 + 3*o**2 - 6*o - 9. Determine m(-4).
-1
Let f(g) = -6*g + 3. Determine f(-1).
9
Let o(k) = k**3 - 7*k**2 + 6*k - 11. Give o(6).
-11
Let j(z) = z**3 - 9*z**2 + 8*z + 17. What is j(8)?
17
Let a(x) = x**2 - x - 4. Calculate a(-3).
8
Let f(t) = t**3 + 16*t**2 + t - 1. What is f(-16)?
-17
Let z(m) = -11*m + 4. What is z(-4)?
48
Let i(v) = 47*v + 4. Determine i(-1).
-43
Let z(q) = -q - 13. Determine z(0).
-13
Let b(i) = -i**2 + 6*i - 2. What is b(7)?
-9
Let c(w) = -w + 7. Determine c(6).
1
Let v(a) = a + 110. Calculate v(-28).
82
Let u(s) = -5*s - 9. Calculate u(-8).
31
Let f(g) = 16*g + 66. Give f(-7).
-46
Let a(t) = t**2 + 7*t - 3. What is a(-7)?
-3
Let o(f) = -5*f - 52. Give o(-10).
-2
Let k(s) = s**3 + 28*s**2 - 3*s - 16. Calculate k(-28).
68
Let n(o) = 2*o**2 + 8*o - 13. Determine n(-7).
29
Let y(f) = 9*f**2 - 14*f + 21. Determine y(2).
29
Let n(m) = -3*m**3 + 2*m**2 - m - 1. What is n(1)?
-3
Let t(r) = r**2 + 2*r - 24. Determine t(-5).
-9
Let q(f) = f**3 + 38*f**2 - f - 29. Give q(-38).
9
Let a(w) = 2*w + 19. Determine a(-10).
-1
Let l(s) = 15*s - 34. What is l(5)?
41
Let j(p) = -p**3 + 2*p**2 + 3*p + 3. Determine j(-3).
39
Let j(b) = 2*b**2 + 26*b - 20. What is j(-13)?
-20
Let b(k) = 3*k - 9. Calculate b(-9).
-36
Let b(y) = -6*y**3 + 3*y**2 + 5*y + 3. What is b(2)?
-23
Let c(p) = p**2 - 4*p - 3. What is c(-1)?
2
Let g(r) = -r**3 + 3*r**2 - r - 2. What is g(3)?
-5
Let u(r) = -r**3 - 17*r**2 - 16*r + 1. Give u(-16).
1
Let s(u) = u - 3. What is s(-8)?
-11
Let j(m) = m**3 + 9*m**2 - 7*m. Give j(-9).
63
Let b(v) = -v**2 - 9*v + 11. Give b(-9).
11
Let v(b) = 15*b - 19. Calculate v(2).
11
Let g(u) = 2*u**3 + 11*u**2 + 8*u + 8. Give g(-5).
-7
Let y(f) = -f**3 + 7*f**2 - f - 32. Give y(5).
13
Let j(a) = -9*a + 1. Determine j(1).
-8
Let k(c) = 3*c**2 - 2*c + 2. What is k(2)?
10
Let z(x) = x**3 + x**2 - 3*x + 8. Give z(0).
8
Let w(a) = a**2 + 4*a. Give w(-4).
0
Let n(r) = -r**2 - 6*r + 1. Calculate n(-8).
-15
Let y(u) = -4*u**2 - 2*u - 3. What is y(3)?
-45
Let o(l) = 5*l**3 + l + 1. Give o(-1).
-5
Let g(y) = -5*y + 5. Determine g(-4).
25
Let i(l) = -l**3 + 5*l**2 + l + 25. Determine i(0).
25
Let x(j) = j**3 + 2*j**2 - 10*j - 22. Calculate x(-3).
-1
Let z(n) = 2*n**2 + n - 1. What is z(-3)?
14
Let j(c) = 8*c + 18. Give j(-5).
-22
Let s(t) = -2*t**2 + 11*t. Calculate s(1).
9
Let w(u) = -3*u + 5. Determine w(6).
-13
Let f(z) = -z - 17. Give f(0).
-17
Let d(m) = 9*m + 23. Calculate d(-4).
-13
Let t(h) = 10*h - 3. Determine t(-6).
-63
Let a(h) = -h**3 + 24*h**2 + 51*h + 22. Determine a(26).
-4
Let f(o) = -o**3 + 5*o**2 - 2*o + 10. Determine f(5).
0
Let w(q) = 28*q - 34. Calculate w(5).
106
Let s(q) = -q**2 - 11*q - 5. What is s(-9)?
13
Let x(q) = q**2 + 5*q - 10. What is x(-6)?
-4
Let r(z) = -z**2 - 3*z + 1. Calculate r(0).
1
Let h(f) = 4*f**2 - 5*f - 4. Give h(-3).
47
Let b(n) = -4*n**2 + 22*n - 7. Determine b(6).
-19
Let x(n) = -2*n + 26. Give x(0).
26
Let v(q) = -4*q + 50. Give v(14).
-6
Let b(t) = t**2 + 2*t - 2. What is b(3)?
13
Let d(m) = -m + 39. Calculate d(48).
-9
Let q(x) = -x**2 - 15*x - 30. Give q(-12).
6
Let t(m) = -m**2 - 5*m - 2. Calculate t(-3).
4
Let a(t) = -t**3 - 15*t**2 - 23*t + 29. What is a(-13)?
-10
Let n(g) = 20*g + 23. Give n(-3).
-37
Let q(a) = a**2 - 9*a - 2. Determine q(7).
-16
Let b(m) = -m**2 - 2*m + 3. What is b(0)?
3
Let r(h) = 12*h**2 - 4*h + 5. Give r(1).
13
Let u(b) = -b**3 - 18*b**2 - 33*b - 7. What is u(-16)?
9
Let y(z) = -5*z - 2. Determine y(-2).
8
Let c(x) = -x**2 - 14*x - 14. Calculate c(-11).
19
Let g(r) = 2*r**3 - 19*r**2 + 6*r + 10. Give g(9).
-17
Let d(a) = 5*a**3 - a**2 - 11*a + 11. Calculate d(1).
4
Let g(r) = 4*r**2 + 21*r + 32. Give g(-2).
6
Let w(i) = -i**2 - 8*i - 9. What is w(-8)?
-9
Let p(r) = 6*r + 6. Give p(-2).
-6
Let s(i) = 3*i**2 + 4*i - 3. Determine s(-4).
29
Let z(o) = o**3 + 15*o**2 + 15*o + 17. Give z(-14).
3
Let n(m) = m**3 - 11*m**2 - 11*m - 17. What is n(12)?
-5
Let q(k) = -k**2 + 5*k + 4. Give q(7).
-10
Let u(w) = 9*w - 112. Give u(12).
-4
Let t(b) = -6*b + 147. What is t(24)?
3
Let w(s) = -15*s + 241. What is w(16)?
1
Let j(h) = h**2 - 21*h + 25. Give j(22).
47
Let p(i) = -i**3 + 3*i - 9. What is p(2)?
-11
Let m(u) = -2*u**2 + 2*u + 4. Calculate m(-3).
-20
Let w(n) = 28*n + 184. Determine w(-9).
-68
Let c(i) = 2*i - 27. Determine c(14).
1
Let c(t) = -t**3 - 2*t**2 + 5*t. Calculate c(-3).
-6
Let q(p) = 34*p**3 + 6*p**2 - 5*p - 1. Determine q(1).
34
Let f(w) = -5*w**3 + w**2 + 6*w - 6. Calculate f(3).
-114
Let c(b) = -6*b + 46. Determine c(8).
-2
Let j(u) = 5*u - 7. Give j(-5).
-32
Let q(x) = 4*x + 4. Give q(-2).
-4
Let i(n) = n**3 + 2*n**2 - 3*n + 1. Calculate i(1).
1
Let d(w) = -w**2 - 11*w - 19. Give d(-9).
-1
Let w(m) = 2*m**2 - 52*m + 103. Calculate w(24).
7
Let z(k) = -k**3 + 15*k**2 + 35*k - 21. What is z(17)?
-4
Let f(m) = -m**2 + 5. Give f(2).
1
Let t(y) = y**2 - 7*y + 2. Give t(6).
-4
Let c(k) = -k**2 + 18*k - 27. What is c(18)?
-27
Let i(n) = -5*n - 29. Give i(-6).
1
Let l(f) = -5*f. Calculate l(-2).
10
Let h(s) = -s**3 - 15*s**2 - 16*s - 30. Calculate h(-14).
-2
Let n(p) = p**2 + 12*p - 13. Give n(-12).
-13
Let y(p) = -3*p**2 + 38*p - 38. Calculate y(11).
17
Let r(t) = -t**2 + 35*t - 277. Give r(15).
23
Let g(m) = -m**3 + 7*m**2 - 11*m + 15. Calculate g(6).
-15
Let a(j) = j**2 - 11*j + 6. Give a(7).
-22
Let w(m) = m**2 + 13*m - 7. Determine w(-13).
-7
Let x(m) = -m**2 - 23*m - 16. Determine x(-22).
6
Let k(r) = -r**2 + 10*r + 3. What is k(8)?
19
Let s(d) = -4*d + 62. Give s(19).
-14
Let f(d) = -2*d**2 - 4*d + 5. Determine f(3).
-25
Let h(m) = -2*m**3 + 5*m**2 - 2. Determine h(2).
2
Let x(r) = -10*r - 26. Give x(-4).
14
Let z(y) = -y**3 - 9*y**2 + 8*y - 28. Calculate z(-10).
-8
Let d(u) 